40*q - 282. Determine x(10).
18
Let x(q) = -q**2 - 10*q + 100. Give x(-10).
100
Let b(g) = -2*g**3 - 208*g**2 - 199*g + 723. What is b(-103)?
2
Let d(y) = -y**3 + 76*y**2 + 75*y - 104. Determine d(77).
-258
Let u(k) = 17*k + 514. What is u(-14)?
276
Let a(u) = -267*u + 1583. Calculate a(5).
248
Let t(y) = -83*y - 1212. Determine t(-17).
199
Let k(h) = h**2 - 37210*h + 111622. What is k(3)?
1
Let r(l) = 313*l + 1326. Determine r(-5).
-239
Let u(j) = -j**2 - 9*j - 60. What is u(-11)?
-82
Let m(r) = 2*r**3 + 9*r**2 + 24*r - 22. Determine m(-4).
-102
Let l(r) = 3*r - 158. Calculate l(40).
-38
Let z(h) = 9*h**2 + 531*h - 21. Calculate z(-59).
-21
Let i(z) = 58*z**2 + 17*z - 15. Give i(1).
60
Let y(t) = t**3 + 29*t**2 - 47*t - 159. Give y(-30).
351
Let j(z) = 612*z - 1085. Calculate j(2).
139
Let h(v) = 44*v**2 - 306*v - 62. What is h(7)?
-48
Let r(z) = 28*z - 4568. Calculate r(161).
-60
Let k(g) = 556*g + 628. Determine k(-1).
72
Let l(c) = -c**3 + 4*c**2 + 9*c - 29. Determine l(3).
7
Let p(h) = -h**2 - 43*h + 789. What is p(13)?
61
Let w(f) = 559*f + 6018. Give w(-11).
-131
Let i(f) = -5*f**3 + 2*f**2 + 10*f + 24. Give i(-3).
147
Let r(l) = 26*l**2 + 122*l - 15. What is r(-5)?
25
Let g(q) = q**3 - 41*q**2 - 5*q + 212. What is g(41)?
7
Let r(n) = 3*n**2 + 4931*n + 24586. Calculate r(-5).
6
Let x(m) = m**2 - 3*m - 28. What is x(9)?
26
Let m(l) = -1070*l - 3462. Determine m(-3).
-252
Let d(l) = 19*l**2 + 15*l. Calculate d(3).
216
Let t(l) = 21*l - 634. Give t(33).
59
Let p(y) = 16*y - 291. Calculate p(26).
125
Let u(w) = w**3 - 19*w**2 + 75*w - 3831. Give u(23).
10
Let b(d) = 72*d + 201. Determine b(-3).
-15
Let s(q) = q**2 + 67*q - 466. What is s(6)?
-28
Let j(w) = w**2 - 5*w + 11. Calculate j(7).
25
Let j(y) = -y**3 + 92*y**2 + 10*y - 912. Give j(92).
8
Let d(a) = 4*a**3 - 2*a + 22. What is d(3)?
124
Let u(z) = 2*z**3 + 5*z**2 + 3. What is u(3)?
102
Let f(q) = -2*q**2 - q - 18. What is f(-4)?
-46
Let k(n) = 210*n**3 + 5*n**2 - 33*n - 39. Determine k(-1).
-211
Let r(b) = -b**3 + 7*b**2 - 2041*b + 12201. Calculate r(6).
-9
Let p(n) = 358*n + 2094. Calculate p(-6).
-54
Let b(o) = -2*o**3 + 29*o**2 + 10*o + 15. Calculate b(15).
-60
Let i(j) = -82*j + 3989. Determine i(49).
-29
Let k(g) = -28*g + 1454. Give k(51).
26
Let n(i) = -1283*i + 14117. Determine n(11).
4
Let a(j) = -2*j**3 + 105*j**2 + 62*j - 35. Calculate a(53).
442
Let w(c) = c**3 - 9*c**2 + 15*c - 5. Give w(6).
-23
Let d(n) = n**2 + 13*n - 2220. Determine d(41).
-6
Let y(t) = -6*t**3 + 365*t**2 + 61*t - 35. Give y(61).
-35
Let u(w) = -19*w**2 + 31*w - 73. What is u(3)?
-151
Let n(s) = s**2 + 4*s - 387. Calculate n(17).
-30
Let h(m) = 2*m**3 + 22*m**2 - 479*m + 108. Calculate h(-22).
-2
Let b(o) = o**3 + 32*o**2 + 56*o + 10. Determine b(-30).
130
Let d(g) = 86*g - 690. What is d(13)?
428
Let m(v) = 5*v**3 + v + 286. Give m(0).
286
Let b(h) = -h**2 + 581*h - 16529. Calculate b(30).
1
Let j(v) = v**2 + 21*v + 96. What is j(-6)?
6
Let v(k) = -1150*k - 4604. Give v(-4).
-4
Let v(i) = -i**2 + 8*i - 74. Give v(18).
-254
Let a(k) = -k**3 + 5*k**2 + 23*k - 3. What is a(-2)?
-21
Let g(c) = 9*c - 143. Determine g(15).
-8
Let x(y) = y**2 - 251*y - 1499. Give x(-6).
43
Let t(p) = p**3 - 13*p**2 + 9*p + 123. What is t(10)?
-87
Let f(i) = -32*i - 54. Calculate f(-2).
10
Let y(n) = -3*n**2 - 36*n + 202. What is y(6)?
-122
Let d(w) = 3*w**3 + w**2 - 6*w + 6. Calculate d(1).
4
Let g(m) = -4*m + 161. Determine g(-39).
317
Let c(p) = -3*p**2 - 112*p - 10. Calculate c(0).
-10
Let m(s) = 5*s**3 + 4*s**2 + 10*s + 15. Calculate m(-3).
-114
Let p(b) = -28*b - 1903. What is p(-68)?
1
Let u(s) = 49*s + 1317. Give u(-27).
-6
Let v(i) = -5*i**2 - 341*i + 6635. Determine v(-84).
-1
Let h(k) = 8*k - 309. Give h(42).
27
Let s(t) = -73*t**2 + 517*t - 16. Determine s(7).
26
Let r(k) = 11*k**2 + 26*k + 160. Calculate r(-5).
305
Let j(x) = x**3 - 9*x**2 + 6*x - 54. Calculate j(9).
0
Let k(o) = -282*o + 2257. What is k(8)?
1
Let k(h) = 4*h**3 - 13*h**2 + 34*h - 24. Give k(2).
24
Let h(n) = n**3 - 41*n**2 + 30*n + 101. Calculate h(40).
-299
Let m(o) = -68*o + 18. What is m(2)?
-118
Let r(v) = 4*v**2 + 87*v + 710. What is r(-10)?
240
Let v(a) = -103*a + 614. What is v(6)?
-4
Let o(p) = -5427*p + 16263. What is o(3)?
-18
Let j(u) = -175*u - 8054. Calculate j(-46).
-4
Let l(s) = s**2 - 17*s + 53. What is l(13)?
1
Let w(t) = 7*t**2 + 724*t + 8978. Give w(-89).
-11
Let p(s) = s**3 + 23*s**2 + 98*s - 21. Give p(-6).
3
Let b(d) = -1066*d - 3314. Determine b(-3).
-116
Let y(l) = -26*l - 389. Determine y(-15).
1
Let h(k) = -k**2 - 10*k + 1800. What is h(39)?
-111
Let w(r) = -5640*r + 28186. Give w(5).
-14
Let a(b) = -b**3 - b**2 + 7*b - 24. Give a(-6).
114
Let y(c) = 3*c**3 - 81*c**2 - 2*c + 6. What is y(27)?
-48
Let w(n) = -1034*n - 52727. Give w(-51).
7
Let w(h) = -151*h + 793. Calculate w(5).
38
Let y(s) = -7*s**2 + 67*s + 45. Give y(10).
15
Let x(f) = f**2 + 47*f - 128. Determine x(-49).
-30
Let j(z) = 2*z**3 - 96*z**2 - 99*z + 57. What is j(49)?
8
Let a(t) = -4*t**3 - 3*t**2 - 2*t + 4. Give a(-2).
28
Let i(r) = -8*r**3 + 318*r**2 + 82*r + 53. Give i(40).
133
Let u(b) = 20*b - 3. Calculate u(-2).
-43
Let k(m) = 9*m - 28. What is k(-8)?
-100
Let v(q) = 46*q**2 + 25*q + 2. Give v(-3).
341
Let n(z) = z**3 + 58*z**2 + 400*z + 10. Calculate n(-50).
10
Let z(t) = -t**3 + 7*t**2 + 8*t - 4. Calculate z(8).
-4
Let a(v) = 139*v**3 + v**2 - 72*v + 73. Calculate a(1).
141
Let g(q) = 1183*q - 7096. What is g(6)?
2
Let h(j) = 2*j**3 + 22*j**2 + 45*j + 48. What is h(-8)?
72
Let k(w) = -3*w**3 - w**2 + 565*w + 1127. What is k(-2)?
17
Let k(i) = -16*i**2 + 334*i + 31. Calculate k(21).
-11
Let t(r) = -55*r - 546. Determine t(-10).
4
Let v(k) = 572*k - 101809. Calculate v(178).
7
Let u(d) = 81*d - 1403. Calculate u(12).
-431
Let z(f) = -12*f**3 + 2*f**2 - 4*f + 4. Give z(2).
-92
Let j(f) = -3*f**3 + 58*f**2 - 15*f - 12. What is j(19)?
64
Let o(n) = 2*n**2 - 17*n - 573. Calculate o(23).
94
Let w(z) = -650*z + 2642. What is w(4)?
42
Let o(x) = -x**3 + 15*x**2 + 9*x - 489. Determine o(13).
-34
Let u(h) = h**3 + 5*h**2 + 28*h + 113. Determine u(-5).
-27
Let k(m) = 925*m - 3691. Calculate k(4).
9
Let n(r) = -483*r - 172908. Calculate n(-358).
6
Let w(s) = -s**2 + 39*s + 12. Determine w(39).
12
Let t(y) = 3*y**2 + 58*y + 33. What is t(-18)?
-39
Let g(i) = 833*i + 824. What is g(-1)?
-9
Let r(i) = -55*i**2 - 8. Calculate r(2).
-228
Let y(p) = -267*p + 1823. Determine y(7).
-46
Let v(s) = -3*s**3 - 1406*s**2 + 4716*s - 1891. Calculate v(-472).
-3
Let t(v) = v**2 + 25*v + 77. Determine t(-4).
-7
Let i(l) = l**2 + 1543*l - 21. Determine i(0).
-21
Let z(q) = 51*q + 3085. What is z(-57)?
178
Let x(j) = 3566*j + 39242. Give x(-11).
16
Let w(q) = -3*q**3 - 49*q**2 - 21*q - 69. Calculate w(-16).
11
Let r(v) = -2*v**2 - 61*v + 3536. What is r(-60)?
-4
Let m(o) = -242*o - 327. Calculate m(4).
-1295
Let x(i) = -2*i**2 - 93*i - 24. What is x(-46)?
22
Let w(s) = -s**3 + 14*s**2 - 13*s - 82. Determine w(13).
-82
Let b(w) = 2*w**2 - w + 40. Calculate b(-9).
211
Let o(v) = -v**2 + 53*v - 157. Give o(53).
-157
Let x(d) = 181*d**2 - 3*d - 2. What is x(-1)?
182
Let z(s) = -s**3 + 7*s**2 + 102*s - 732. Determine z(10).
-12
Let s(r) = -48*r + 292. Calculate s(9).
-140
Let a(b) = -36*b + 737. What is a(21)?
-19
Let k(g) = 68*g - 38. What is k(-3)?
-242
Let l(r) = 406*r - 2020. Determine l(5).
10
Let w(b) = -726*b - 659. Give w(-1).
67
Let x(z) = -13*z**2 + 130*z - 77. Give x(12).
-389
Let j(m) = 11*m**3 - 2*m**2 - 8*m + 9. Determine j(1).
10
Let b(q) = -60*q + 111. Calculate b(5).
-189
Let z(y) = -97*y + 1202. Give z(12).
38
Let g(h) = 148*h + 1080. Determine g(-7).
44
Let t(q) = 10*q**2 + 151*q - 51. Give t(-15).
-66
Let v(s) = -94*s**3 - s**2 + 2*s - 3. Calculate v(1).
-96
Let y(t) = -t**2 - 84*t + 2085. Give y(20).
5
Let o(a) = a**3 - a**2 - 2*a - 11. Determine o(-3).
-41
Let i(m) = 336*m**3 + 2*m**2 - m - 2. Determine i(1).
335
Let k(a) = a**2 - 174*a + 2399. What is k(15)?
14
Let s(r) = 543*r + 3805. Calculate s(-7).
4
Let v(x) = 83*x - 590. Calculate v(7).
-9
Let r(b) = b**3 - 17*b**2 - 39*b + 16. What is r(19)?
-3
Let t(u) = -75*u**3 - u**2 + u. Calculate t(1).
-75
Let a(m) = -4*m**2 - 85*m + 243. What is a(3)?
-48
Let z(p) = p**3 - 6*p**2 - 52*p + 287. What is z(6)?
-